s - u. What is the units digit of c?
1
Let m be -2*((-27)/(-6))/(-3). Suppose 0 = -r - 4*n + 1, 2*n + 16 = m*r + n. What is the units digit of r?
5
Let r(q) = q**3 - 7*q**2 + 3*q - 6. Let m be r(5). Let t = -23 - m. What is the tens digit of t?
1
Let z = -28 + 53. Let w = -8 + z. What is the tens digit of w?
1
Let t(d) = -d**3 + 10*d**2 + 11. Let l(c) = c**2 - 2*c - 1. Let z be l(2). Let w = z - -11. What is the units digit of t(w)?
1
Let b(y) = y**3 + 9*y**2 + 8*y + 16. What is the units digit of b(-8)?
6
Let s = 72 - 30. Suppose 3*t - d + 6*d = 62, 2*t = -3*d + s. Let u = t + -13. What is the units digit of u?
1
Let q(m) = 5*m**2 + 10. Let u(r) = -9*r**2 - r - 20. Let p(d) = -11*q(d) - 6*u(d). Let y be p(8). Let n = 3 - y. What is the units digit of n?
9
Let c be ((-2)/(-3))/(10/75). Suppose c - 2 = n. What is the units digit of n?
3
Let x be (-3)/(9/5)*-3. Suppose 1 + x = 2*p. Let r(o) = 6*o - 3. What is the units digit of r(p)?
5
Let l = 6 + -4. Let k(o) be the third derivative of o**6/60 - o**5/30 - o**4/24 - o**3/3 - 5*o**2. What is the units digit of k(l)?
4
Let x = -26 - -52. What is the tens digit of x?
2
Suppose 0 = x + 2*x - 45. What is the tens digit of x?
1
What is the hundreds digit of ((-2)/(-1 + -3))/(5/1130)?
1
Suppose -v + 14 = -4*a, -2*a - 1 = -4*v + 13. What is the units digit of 11 + a + 2 + 2?
2
Let y = 36 + -17. What is the units digit of y?
9
Let q be -1*(-15)/3*-3. Let s = 36 - q. What is the tens digit of s?
5
What is the units digit of (8 + -1)/(1/5 + 0)?
5
Suppose 3*r = -u + 70, -2*u + 3*r + 100 = -u. What is the units digit of u?
5
Let t(y) = y**2 - 10*y - 1. Suppose 0 = -2*w - 2*w + 44. What is the units digit of t(w)?
0
Suppose 0 = -3*h + 15, 5*h = 2*a + 2*a + 13. Suppose -2*r + 51 = -5*r + a*o, 3*r = -o - 31. Let d = r + 31. What is the tens digit of d?
1
Let a = 49 + 102. What is the hundreds digit of a?
1
Let o(j) = -5*j + 4. What is the units digit of o(-4)?
4
Suppose n - 1 = 0, -n = 4*s + 32 - 1. Let m be s*(-1 + (-15)/(-6)). Let v = 20 + m. What is the units digit of v?
8
Suppose 0 = -5*g + 5 + 25. Let d(h) = -h**3 + 5*h**2 + 9*h - 6. What is the units digit of d(g)?
2
Let h be ((-3)/(-5))/(1/5). Suppose -m + h + 10 = 0. What is the tens digit of m?
1
Let x(r) = -r**2 - 7*r - 4. Let b be x(-6). Let v = 5 - b. Suppose 2*d - 48 = -v*z, -z - 6*d + 4*d = -12. What is the tens digit of z?
1
Let d(m) = -m**2 + 15*m + 12. Let t be d(15). Let j = 0 + 0. Suppose 5*l + j*l = -g + 22, -t = -3*l. What is the units digit of g?
2
Suppose 3*y = 3*l + 2*y - 547, 0 = -l - y + 189. What is the hundreds digit of l?
1
Suppose 3*s + 9 = 0, s = 2*f - 4*s - 359. Suppose 3*m + l = 123, 4*m + 2*l = -2*l + f. What is the tens digit of m?
4
Suppose 5*s - 53 = -5*u + 17, -u = -2*s - 29. Let y = 39 - u. What is the units digit of y?
0
Let w(n) = -2*n + 1. What is the tens digit of w(-5)?
1
Let f = 84 + -58. What is the tens digit of f?
2
Suppose 2 = -0*o + 2*o. Let l(d) be the third derivative of d**4/12 + d**3/6 + d**2. What is the units digit of l(o)?
3
Suppose u + 2*s - 22 = 0, u - 2*s + 6 = 20. What is the units digit of 12/u*(-3)/(-2)?
1
Suppose 9 + 5 = r. Suppose x + 5*i + r = 3*x, -4*i - 6 = x. What is the units digit of x?
2
Let o(f) = 8*f - 4. Let p be o(3). Suppose 4*z + 4 + p = 0. Let u(b) = -2*b - 8. What is the units digit of u(z)?
4
Let m be 46/10 - (-3)/((-60)/(-8)). Suppose f = -3*j + 53, f - 54 = j - 13. Suppose -7*l = -m*l - f. What is the tens digit of l?
2
Suppose 0 = -5*k + 28 + 27. What is the units digit of k?
1
Let d = 2 + 22. Suppose 0 = -2*l - 5*p + d, -4*l + 2*p + 14 + 10 = 0. What is the units digit of l?
7
Let x be 2/8 + 66/24. Suppose -4*f + x*k = -28, -11 = -5*f - 3*k + 24. What is the units digit of f?
7
Let r = -13 - -23. Let i(x) be the first derivative of x**3/3 - 11*x**2/2 + 13*x - 1. What is the units digit of i(r)?
3
Let x = -2 + -2. Let y(m) = -m**3 - 10*m**2 - 8. Let f be y(-10). What is the tens digit of 2/f - 65/x?
1
Let t = -3 - -15. Suppose t = -2*o + 6*o. What is the units digit of o?
3
Suppose 6*f - 9*f + 159 = 0. What is the units digit of f?
3
Let v be ((-40)/(-4) + -3)*1. Suppose 3*j - v - 77 = 0. What is the units digit of j?
8
Let s(t) = t**3 + 5*t**2 - 5*t + 7. What is the tens digit of s(-5)?
3
Suppose 7 = -3*p + 3*u - 2*u, 4*p - 4*u + 12 = 0. Let h = p + 5. Suppose 50 = 2*i + h*i. What is the tens digit of i?
1
Suppose -q = k + 2, 2*q + 2 = -4*k - 0. Suppose -p - 8 - k = 0. What is the units digit of ((-6)/p)/2*42?
4
Let r = 14 + -3. What is the units digit of (-2)/10 + r/5?
2
Let o = -9 - -98. What is the tens digit of o?
8
Suppose -n = -0*v + 2*v - 12, -51 = -5*n - v. Let j(w) be the first derivative of w**2/2 + 5*w + 15. What is the tens digit of j(n)?
1
Let p(n) = -n**2 - 2*n + 4. Let a be p(3). Suppose 5*b = -4*l - 0*l + 71, 2*b = -5*l + 25. Let i = b + a. What is the units digit of i?
4
Let s = 158 + -44. What is the units digit of s?
4
Suppose -32 = p - 112. Suppose -8*r - p = -13*r. What is the units digit of r?
6
Suppose -5*s + 1 + 9 = 0. Let l(i) = -3 - 2*i + s + 0*i. What is the units digit of l(-5)?
9
Let j(u) = -u**2 - 7*u + 1. Let h be j(-5). Let q = h - 5. Suppose -4*l = 2*x - 30, -l = -2*x + l + q. What is the units digit of x?
7
Suppose w + 5*b = 20, 0*w - 38 = -w + b. Let r = 67 - w. What is the units digit of r?
2
Let b be 30/(-8) - 7/28. What is the units digit of (-4)/3*18/b?
6
Suppose 4*n = -j + 540, -5*j + 90 = 2*n - 198. Let r = n + -91. What is the tens digit of r?
4
Let j(g) = -9*g - 37. What is the tens digit of j(-11)?
6
Suppose 0 = 3*b + w + 2*w + 24, b - 4*w - 7 = 0. Suppose 0 = -3*f - 51 + 15. Let x = b - f. What is the units digit of x?
7
What is the tens digit of ((-4)/(60/63))/(10/(-300))?
2
Let c be (3/2)/(2/4). Suppose 5*s = c*s + 4. Let p = s - -2. What is the units digit of p?
4
Let y(q) be the second derivative of -q**4/12 - q**3/6 + q**2/2 + q. Let o be y(-5). Let i = 35 + o. What is the tens digit of i?
1
Let r(d) = d - 2. Let l be r(4). Let m(q) = q**3 - 4*q**2 + 2. Let w be m(4). Suppose l = w*b - 34. What is the units digit of b?
8
Let w be (-3)/6 - (-6)/(-4). Let v(t) = t**2 + 2*t + 1. Let x be v(w). Suppose -2 - x = -3*y. What is the units digit of y?
1
Let f = 52 + -19. Suppose 5*r - f = -3. Suppose -3*l + r*l - 15 = 0. What is the units digit of l?
5
Suppose 0 = -u - 3*l + 124, -4*l + 15 = l. What is the units digit of u?
5
Suppose -4*w - 20 = -2*u + 3*u, 0 = -u + 3*w + 1. Let j = 32 + -36. Let k = j - u. What is the units digit of k?
4
Let j = 140 - -21. What is the units digit of j?
1
Let a be (-4 + 2)*(2 + -4). Suppose -3*h - 5*y + 11 = 0, -4 = -4*h + 5*y - y. Suppose -4*b + g + 40 = -h*g, -40 = -a*b + 4*g. What is the units digit of b?
0
Let d(z) = 204*z**2 + z - 2. What is the units digit of d(1)?
3
Suppose -5*s = -2*q + 11, q - s - 23 = -q. What is the tens digit of q?
1
Let p be 150/(-8) + (-3)/12. Let g = p + 30. What is the tens digit of g?
1
Let m = -15 + 30. Let p = m + 16. What is the tens digit of p?
3
Let h be (0 - 0) + 3 + -1. Suppose -h*y - y + 36 = 0. Suppose y = 2*m - 0*m. What is the units digit of m?
6
Let r(y) = -6*y + 5. Let n be r(-8). Let x = -38 + n. What is the units digit of 0 - 3 - x*-1?
2
Let z be 2*2/(-8)*-10. Suppose 2*o - 4*u - 4 = -0, z*o - 18 = 2*u. Suppose 3*f = -2*v - 17 + 50, -o*v - f + 41 = 0. What is the units digit of v?
9
Let b = -78 + 223. What is the tens digit of b?
4
Suppose 3*l + 5 = -0*l + 2*v, 5*l + v - 9 = 0. Suppose l = 5*z - 4. What is the units digit of -1 - 2/z*-1?
1
Suppose 3*i + i = 0. Let c be i/(-2*1) - -12. What is the units digit of 26/8 + 9/c?
4
Let w(y) = 2*y**2 - 2*y - 38. What is the tens digit of w(11)?
8
Suppose -6*n = -2*n + 32. Let a be 1 - (-1 - (1 + 13)). Let t = a + n. What is the units digit of t?
8
Let x = 146 - 58. What is the units digit of x?
8
Let y = -8 + 5. Let m be y*-10*3/18. Suppose -5*f = -6*f + m. What is the units digit of f?
5
Let u(y) = -33*y - 1. Let q be u(-1). Suppose -4*g = 2*o - q, -3*g + 35 = -3*o + 2. Suppose -5*i = 2*s - 10, 4*i - 3 = -2*s + g. What is the units digit of s?
0
Let z(d) = -d**3 + 6*d**2 + 9*d + 1. Suppose 4*k + 0*k = u + 31, -4*k - u + 25 = 0. What is the tens digit of z(k)?
1
Let a(r) = 20*r**2 + 11*r + 1. What is the tens